se -66 = -3*r - 3*o, -5*o = -2*r + 3*r - 10. What is the remainder when 97 is divided by r?
22
What is the remainder when (-77)/(-4) + (-10)/40 is divided by 10?
9
Let z = 75 + -61. What is the remainder when z is divided by 9?
5
Suppose -3*b + 8*b - 40 = 2*h, -3*h = 15. What is the remainder when 8 is divided by b?
2
Suppose 3*a - 126 = a. Suppose -l = 2*l - a. What is the remainder when l is divided by 8?
5
Suppose 3*t = 8*t - 20. Suppose -m - t + 6 = 0. Calculate the remainder when 3 is divided by m.
1
Let r be 4/10 + (-83)/(-5). Let w = r + -14. Let b = -10 - -16. Calculate the remainder when b is divided by w.
0
Let p(x) = -2*x + 7. Let k be p(4). Let b(w) = -29*w**3 + 2*w**2 + w. Let a(d) = -17*d - 1. Calculate the remainder when b(k) is divided by a(-1).
14
Let p be (-1)/(3*(-1)/(-18)). Let b = -1 - p. Suppose -2*i - 72 = -b*i. Calculate the remainder when 46 is divided by i.
22
Let l be 4*9*3/(-6). Let w = 1 - l. Suppose r + 10 = 4*r + 5*u, -4*u - 16 = 0. Calculate the remainder when w is divided by r.
9
Suppose 0*o - o = -1. What is the remainder when (15/(-6))/(o/(-4)) is divided by 6?
4
Suppose 2*t + 2*t + 28 = 0. Let j = t - -10. Let h = -4 + 11. Calculate the remainder when h is divided by j.
1
Suppose -8*r + 0*r = -368. Calculate the remainder when r is divided by 12.
10
Suppose -5*p + 10 = 0, -17 = -5*f - 3*p + 104. What is the remainder when 67 is divided by f?
21
Let r = 58 + -45. Calculate the remainder when 101 is divided by r.
10
Let i be ((-18)/5)/((-2)/(-5)). Let p(q) = q**2 + 5*q + 11. What is the remainder when p(i) is divided by 10?
7
Suppose 5*s + 31 - 6 = 0. Let i(r) = r**2 + 4*r - 2. What is the remainder when 8 is divided by i(s)?
2
Let n(x) = x**3 - x**2 + 4*x + 1. Calculate the remainder when n(3) is divided by 18.
13
Suppose 2*u - 3*k - 291 = 2*k, -3*k - 737 = -5*u. Suppose -l + 38 = n, 4*l = -4*n + n + u. Calculate the remainder when l is divided by 12.
10
Suppose 2*x = x + 67. Calculate the remainder when x is divided by 35.
32
Suppose -5*y - x + 11 = -9, -3*x = 5*y - 10. Suppose -y*r = -10*r + 85. What is the remainder when r is divided by 8*1 - (9 + -10)?
8
Let a(t) = 5*t**2 - 3*t. What is the remainder when 102 is divided by a(-2)?
24
Let r = -25 + 46. Suppose 13*y = 17*y - 24. Calculate the remainder when r is divided by y.
3
Let z = -16 - -23. Suppose -z*d + 90 = -2*d. Suppose h = -2*h - 3*m + 114, -h + 50 = 4*m. Calculate the remainder when h is divided by d.
16
Let a = 34 - 28. Suppose 5*u = 3*q - 48, 0*u - 2*u - 64 = -4*q. Calculate the remainder when q is divided by a.
4
Suppose -x + 16 = 4. Calculate the remainder when 550/x + 5/30 is divided by 12.
10
Let z(q) = q**2 - 5*q + 29. Calculate the remainder when z(13) is divided by 35.
28
Suppose -m - 5*z = -2*m + 35, -z = 2*m - 92. Calculate the remainder when m/2 - (-3)/6 is divided by 12.
11
Suppose -o = -10 - 12. Suppose 0 = 2*m - 13*l + 15*l - 20, m - 7 = 2*l. What is the remainder when o is divided by m?
4
Suppose -s + 0 + 2 = -2*q, 0 = 5*s + 2*q + 26. Let g be s/12 + (-1)/(-3). Calculate the remainder when (-48)/(-3) + (1 - g) is divided by 9.
8
Suppose -3*v + 15 = 2*v. Suppose -x = 2*g - 45, g - 1 = -v. What is the remainder when x is divided by 17?
15
Let n(x) = x**3 - 8*x**2 + 11*x - 9. Let v be n(7). Suppose 0 = 2*t - v + 5. Calculate the remainder when 26 is divided by t.
5
Let l(f) = f**3 - 9*f**2 + 9*f + 6. Calculate the remainder when 25 is divided by l(8).
11
Let o(p) = -p. Let w be o(7). Let q = -1 - w. What is the remainder when q is divided by 4?
2
Suppose -z = -4*z. What is the remainder when 94 is divided by z + 34 - (6 - 4)?
30
Let r(m) be the second derivative of m**5/20 - m**4/2 + m**3/3 + m**2/2 - 28*m. Let x be (1/(-2))/((-2)/24). Calculate the remainder when 51 is divided by r(x).
12
Suppose -2*w + 10 = -24. Calculate the remainder when w is divided by 7.
3
Let p = 1489 - 742. Calculate the remainder when p/27 + 2/6 is divided by 10.
8
Suppose 3*u + 15 = 6*u. Suppose -z - 5*x = -14, 3*x - 70 = -5*z - x. Calculate the remainder when z is divided by u.
4
Suppose k + 0*k = x - 1, -k = 5*x - 11. Suppose -2*g = -54 - 14. Suppose l = x*r + g - 6, -2*r = -5*l + 100. Calculate the remainder when 53 is divided by l.
17
Suppose 3*s - 135 = 4*q, 33 + 12 = s + 5*q. What is the remainder when 85 is divided by s?
40
Suppose -h - 4*h + 25 = 0, 74 = 2*m + 4*h. Let u(o) = -28*o - 2. Let r be u(-2). Suppose -r = -5*g + 16. What is the remainder when m is divided by g?
13
Let o(p) = 4*p**2 + 2*p + 2. Suppose 0 = g - 4*g + 165. Calculate the remainder when g is divided by o(-2).
13
Suppose -3*n = -4*f - 4, -f = 4*f - n - 6. Let d be 0/(f - (2 - 1)). Suppose d = -3*a - 2*a + 100. Calculate the remainder when a is divided by 7.
6
Suppose 2*c - 75 = -t, 0 = 5*c + 2*t - 6*t - 220. What is the remainder when c is divided by (-32)/24*(-42)/4?
12
Suppose -92 = -0*p - 4*p. Calculate the remainder when p is divided by 6.
5
Let s(q) = -10*q**2 - q - 6. Let f be s(-6). Let o be f/4*12/10. Let m = 161 + o. Calculate the remainder when m is divided by 18.
17
Let q = -47 + 82. What is the remainder when 137 is divided by q?
32
Suppose -7*d + 5*d = -194. What is the remainder when d is divided by 20?
17
Suppose n = -a, 0*n = -a - 2*n + 5. What is the remainder when 27 - (-3)/(a + 2) is divided by 14?
12
Let g = -2 + 3. Suppose -h + 9 = -5*a - g, 4*h - 4*a - 88 = 0. Calculate the remainder when h is divided by 14.
11
Suppose 3*m + 2 = 4*n - 4, 4*n + 3*m - 18 = 0. Suppose -4*d = -0*d - 20, 0 = 5*p - 3*d. What is the remainder when p is divided by n?
0
Suppose 35 + 33 = -4*d. Let u = d + 26. Calculate the remainder when 17 is divided by u.
8
Let p(y) = -y**3 - 3*y**2 - 3*y - 2. Let n = 5 + -9. Calculate the remainder when p(n) is divided by 14.
12
Let b = 15 + 4. Suppose 0 = 3*x + 5*g - 3 + b, 0 = 5*x + 3*g. Suppose -4*j - 7 = 4*h - 19, -x*h + 27 = -3*j. Calculate the remainder when 11 is divided by h.
5
Suppose -175 - 35 = -14*t. What is the remainder when 43 is divided by t?
13
Suppose -173 = 5*v + 237. Calculate the remainder when 31 is divided by v/(-5) + (-8)/20.
15
Let f = 10 - 5. Suppose 0 = 3*v + 3*a + 3, -f*v + 0*a + 5 = 3*a. Calculate the remainder when 6 is divided by v.
2
Suppose c - 8 = -3*f, 4*c + 3*f - 32 = -2*f. Calculate the remainder when (0 + -3)*(-13)/3 is divided by c.
5
Suppose -13*i = -18*i + 140. What is the remainder when i is divided by 11?
6
Suppose -4*f = -0*f - 2220. Suppose 205 = -5*t + f. Let m = 108 - t. Calculate the remainder when m is divided by 20.
18
Let l(i) = 13*i + 0*i**2 - 4*i**2 + 3*i**2. Calculate the remainder when l(7) is divided by 11.
9
Suppose l + 0 = 29. Let i(v) = v**2 + 2*v. Calculate the remainder when l is divided by i(-5).
14
Let r = 3 - 2. Suppose 5 = -2*t + 3, 3*t = y - 20. Calculate the remainder when y is divided by r/(1*1/9).
8
Let s(t) = -t**3 + t**2 + t + 4. Let x(l) = -l**3 + l**2 + l + 1. Let r(v) = -s(v) + 2*x(v). What is the remainder when 14 is divided by r(-2)?
6
Calculate the remainder when ((-16)/16)/((-2)/98) is divided by 20.
9
Let z be -2*(-9)/(-6)*-3. Suppose 3*q = -3 + z. Suppose q*y - 2 - 16 = 0. What is the remainder when 25 is divided by y?
7
Suppose 12 = -4*l - 3*y + 1, 2*l - 5*y + 25 = 0. Let s(b) = b**2 + 4*b + 3. Calculate the remainder when 14 is divided by s(l).
6
Let l(s) = s**2 - 2*s - 12. Calculate the remainder when 20 is divided by l(6).
8
Let i = 10 - 10. Calculate the remainder when 11 + -1 + i + -1 is divided by 4/2 + (2 - -1).
4
Let u be (7/3)/((-7)/(-21)). Suppose 0 = 3*f - u*f + 28. Calculate the remainder when 11 is divided by f.
4
Suppose 4*z - 252 = -104. Let j be (-18)/1 - 2/(-1). Let k = z + j. Calculate the remainder when k is divided by 11.
10
Let a = 7 + -2. Suppose a = 3*y - 10. Calculate the remainder when 17 is divided by y.
2
Let v(m) = m**2 - 5*m - 3. Let h = 41 + -30. Calculate the remainder when h is divided by v(6).
2
Let h(a) = -4*a - 5. Let s be h(-7). Let z = -15 + s. Suppose 3*b + o - 55 = 9, -4*b - 2*o = -82. What is the remainder when b is divided by z?
7
Let w = 10 - 5. Let x = w - -2. Calculate the remainder when 12 is divided by x.
5
Let w(u) = -54*u**3 - u. Let k(a) = a**3 + 3*a**2 + 2*a + 1. Let n be k(-2). Let v be w(n). What is the remaind